{"id":70,"date":"2020-10-06T16:51:22","date_gmt":"2020-10-06T13:51:22","guid":{"rendered":"https:\/\/almawt-music.com\/index.php\/blog\/"},"modified":"2021-07-26T17:56:28","modified_gmt":"2021-07-26T14:56:28","slug":"actualites","status":"publish","type":"page","link":"https:\/\/almawt-music.com\/index.php\/actualites\/","title":{"rendered":"Actualit\u00e9s"},"content":{"rendered":"\t\t<div data-elementor-type=\"wp-page\" data-elementor-id=\"70\" class=\"elementor elementor-70\">\n\t\t\t\t\t\t<div class=\"elementor-inner\">\n\t\t\t\t<div class=\"elementor-section-wrap\">\n\t\t\t\t\t\t\t\t\t<section class=\"elementor-section elementor-top-section elementor-element elementor-element-22a9024 elementor-section-height-min-height elementor-section-stretched elementor-section-boxed elementor-section-height-default elementor-section-items-middle\" data-id=\"22a9024\" data-element_type=\"section\" data-settings=\"{&quot;stretch_section&quot;:&quot;section-stretched&quot;,&quot;background_background&quot;:&quot;classic&quot;}\">\n\t\t\t\t\t\t\t<div class=\"elementor-background-overlay\"><\/div>\n\t\t\t\t\t\t\t<div class=\"elementor-container elementor-column-gap-default\">\n\t\t\t\t\t\t\t<div class=\"elementor-row\">\n\t\t\t\t\t<div class=\"elementor-column elementor-col-100 elementor-top-column elementor-element elementor-element-19112d5\" data-id=\"19112d5\" data-element_type=\"column\">\n\t\t\t<div class=\"elementor-column-wrap elementor-element-populated\">\n\t\t\t\t\t\t\t<div class=\"elementor-widget-wrap\">\n\t\t\t\t\t\t<div class=\"elementor-element elementor-element-257d083 elementor-widget elementor-widget-heading\" data-id=\"257d083\" data-element_type=\"widget\" data-widget_type=\"heading.default\">\n\t\t\t\t<div class=\"elementor-widget-container\">\n\t\t\t<h2 class=\"elementor-heading-title elementor-size-default\">ACTUALIT\u00c9S<\/h2>\t\t<\/div>\n\t\t\t\t<\/div>\n\t\t\t\t<div class=\"elementor-element elementor-element-169bce5 elementor-widget elementor-widget-text-editor\" data-id=\"169bce5\" data-element_type=\"widget\" data-widget_type=\"text-editor.default\">\n\t\t\t\t<div class=\"elementor-widget-container\">\n\t\t\t\t\t\t\t\t<div class=\"elementor-text-editor elementor-clearfix\">\n\t\t\t\t<p>Soyez inform\u00e9s de l&rsquo;actualit\u00e9 musicale dans votre r\u00e9gion<\/p>\t\t\t\t\t<\/div>\n\t\t\t\t\t\t<\/div>\n\t\t\t\t<\/div>\n\t\t\t\t\t\t<\/div>\n\t\t\t\t\t<\/div>\n\t\t<\/div>\n\t\t\t\t\t\t\t\t<\/div>\n\t\t\t\t\t<\/div>\n\t\t<\/section>\n\t\t\t\t<section class=\"elementor-section elementor-top-section elementor-element elementor-element-c116c00 elementor-section-stretched elementor-section-boxed elementor-section-height-default elementor-section-height-default\" data-id=\"c116c00\" data-element_type=\"section\" data-settings=\"{&quot;stretch_section&quot;:&quot;section-stretched&quot;}\">\n\t\t\t\t\t\t<div class=\"elementor-container elementor-column-gap-default\">\n\t\t\t\t\t\t\t<div class=\"elementor-row\">\n\t\t\t\t\t<div class=\"elementor-column elementor-col-100 elementor-top-column elementor-element elementor-element-3a56a02\" data-id=\"3a56a02\" data-element_type=\"column\">\n\t\t\t<div class=\"elementor-column-wrap elementor-element-populated\">\n\t\t\t\t\t\t\t<div class=\"elementor-widget-wrap\">\n\t\t\t\t\t\t<div class=\"elementor-element elementor-element-9d210ac elementor-posts--align-left elementor-grid-3 elementor-grid-tablet-2 elementor-grid-mobile-1 elementor-posts--thumbnail-top elementor-widget elementor-widget-posts\" data-id=\"9d210ac\" data-element_type=\"widget\" data-settings=\"{&quot;classic_masonry&quot;:&quot;yes&quot;,&quot;pagination_type&quot;:&quot;numbers&quot;,&quot;classic_columns&quot;:&quot;3&quot;,&quot;classic_columns_tablet&quot;:&quot;2&quot;,&quot;classic_columns_mobile&quot;:&quot;1&quot;,&quot;classic_row_gap&quot;:{&quot;unit&quot;:&quot;px&quot;,&quot;size&quot;:35,&quot;sizes&quot;:[]},&quot;classic_row_gap_tablet&quot;:{&quot;unit&quot;:&quot;px&quot;,&quot;size&quot;:&quot;&quot;,&quot;sizes&quot;:[]},&quot;classic_row_gap_mobile&quot;:{&quot;unit&quot;:&quot;px&quot;,&quot;size&quot;:&quot;&quot;,&quot;sizes&quot;:[]}}\" data-widget_type=\"posts.classic\">\n\t\t\t\t<div class=\"elementor-widget-container\">\n\t\t\t\t\t<div class=\"elementor-posts-container elementor-posts elementor-posts--skin-classic elementor-grid\">\n\t\t\t\t<article class=\"elementor-post elementor-grid-item post-665 post type-post status-publish format-standard has-post-thumbnail hentry category-non-classe\">\n\t\t\t\t<a class=\"elementor-post__thumbnail__link\" href=\"https:\/\/almawt-music.com\/index.php\/2022\/07\/25\/festival-sawa-sawa\/\" >\n\t\t\t<div class=\"elementor-post__thumbnail\"><img decoding=\"async\" width=\"1183\" height=\"886\" src=\"https:\/\/almawt-music.com\/wp-content\/uploads\/2021\/07\/Bambo-Beach-Festival-Affiche-Officiel.jpeg\" class=\"attachment-full size-full wp-image-849\" alt=\"\" loading=\"lazy\" srcset=\"https:\/\/almawt-music.com\/wp-content\/uploads\/2021\/07\/Bambo-Beach-Festival-Affiche-Officiel.jpeg 1183w, https:\/\/almawt-music.com\/wp-content\/uploads\/2021\/07\/Bambo-Beach-Festival-Affiche-Officiel-300x225.jpeg 300w, https:\/\/almawt-music.com\/wp-content\/uploads\/2021\/07\/Bambo-Beach-Festival-Affiche-Officiel-600x449.jpeg 600w, https:\/\/almawt-music.com\/wp-content\/uploads\/2021\/07\/Bambo-Beach-Festival-Affiche-Officiel-1024x767.jpeg 1024w, https:\/\/almawt-music.com\/wp-content\/uploads\/2021\/07\/Bambo-Beach-Festival-Affiche-Officiel-768x575.jpeg 768w, https:\/\/almawt-music.com\/wp-content\/uploads\/2021\/07\/Bambo-Beach-Festival-Affiche-Officiel-450x337.jpeg 450w, https:\/\/almawt-music.com\/wp-content\/uploads\/2021\/07\/Bambo-Beach-Festival-Affiche-Officiel-80x60.jpeg 80w, https:\/\/almawt-music.com\/wp-content\/uploads\/2021\/07\/Bambo-Beach-Festival-Affiche-Officiel-120x90.jpeg 120w\" sizes=\"(max-width: 1183px) 100vw, 1183px\" \/><\/div>\n\t\t<\/a>\n\t\t\t\t<div class=\"elementor-post__text\">\n\t\t\t\t<h3 class=\"elementor-post__title\">\n\t\t\t<a href=\"https:\/\/almawt-music.com\/index.php\/2022\/07\/25\/festival-sawa-sawa\/\" >\n\t\t\t\tFESTIVAL SAWA SAWA\t\t\t<\/a>\n\t\t<\/h3>\n\t\t\t\t<div class=\"elementor-post__meta-data\">\n\t\t\t\t\t<span class=\"elementor-post-date\">\n\t\t\t25 juillet 2022\t\t<\/span>\n\t\t\t\t<span class=\"elementor-post-time\">\n\t\t\t22 h 38 min\t\t<\/span>\n\t\t\t\t<\/div>\n\t\t\t\t<div class=\"elementor-post__excerpt\">\n\t\t\t<p>Le Festival SAWA SAWA est un festival des musiques urbaines qui r\u00e9unit des artistes locaux, r\u00e9gionaux et internationaux. L&rsquo;\u00e9v\u00e8nement est s\u00e9curis\u00e9. &nbsp;Pour sa 1\u00e8re \u00e9dition,<\/p>\n\t\t<\/div>\n\t\t\n\t\t<a class=\"elementor-post__read-more\" href=\"https:\/\/almawt-music.com\/index.php\/2022\/07\/25\/festival-sawa-sawa\/\" aria-label=\"En savoir plus sur FESTIVAL SAWA SAWA\" >\n\t\t\tContinuer \u00e0 lire &gt;&gt;\t\t<\/a>\n\n\t\t\t\t<\/div>\n\t\t\t\t<\/article>\n\t\t\t\t<\/div>\n\t\t\n\t\t\t\t<\/div>\n\t\t\t\t<\/div>\n\t\t\t\t\t\t<\/div>\n\t\t\t\t\t<\/div>\n\t\t<\/div>\n\t\t\t\t\t\t\t\t<\/div>\n\t\t\t\t\t<\/div>\n\t\t<\/section>\n\t\t\t\t\t\t\t\t\t<\/div>\n\t\t\t<\/div>\n\t\t\t\t\t<\/div>\n\t\t","protected":false},"excerpt":{"rendered":"<p>ACTUALIT\u00c9S Soyez inform\u00e9s de l&rsquo;actualit\u00e9 musicale dans votre r\u00e9gion<\/p>\n","protected":false},"author":1,"featured_media":0,"parent":0,"menu_order":0,"comment_status":"closed","ping_status":"closed","template":"","meta":{"_monsterinsights_skip_tracking":false,"_monsterinsights_sitenote_active":false,"_monsterinsights_sitenote_note":"","_monsterinsights_sitenote_category":0},"yoast_head":"<!-- This site is optimized with the Yoast SEO plugin v21.1 - https:\/\/yoast.com\/wordpress\/plugins\/seo\/ -->\n<title>D\u00e9couvrez l&#039;actualit\u00e9 musicale de l&#039;oc\u00e9an indien | Almawt Music<\/title>\n<meta name=\"description\" content=\"Toute l&#039;actualit\u00e9 music r\u00e9gionale, sorties, concerts, \u00e9v\u00e8nements. Ne ratez pas les derni\u00e8res infos sur vos artistes pr\u00e9f\u00e9r\u00e9s\" \/>\n<meta name=\"robots\" content=\"index, follow, max-snippet:-1, max-image-preview:large, max-video-preview:-1\" \/>\n<link rel=\"canonical\" href=\"https:\/\/almawt-music.com\/index.php\/actualites\/\" \/>\n<meta property=\"og:locale\" content=\"fr_FR\" \/>\n<meta property=\"og:type\" content=\"article\" \/>\n<meta property=\"og:title\" content=\"D\u00e9couvrez l&#039;actualit\u00e9 musicale de l&#039;oc\u00e9an indien | Almawt Music\" \/>\n<meta property=\"og:description\" content=\"Toute l&#039;actualit\u00e9 music r\u00e9gionale, sorties, concerts, \u00e9v\u00e8nements. Ne ratez pas les derni\u00e8res infos sur vos artistes pr\u00e9f\u00e9r\u00e9s\" \/>\n<meta property=\"og:url\" content=\"https:\/\/almawt-music.com\/index.php\/actualites\/\" \/>\n<meta property=\"og:site_name\" content=\"Almawt Music\" \/>\n<meta property=\"article:publisher\" content=\"https:\/\/www.facebook.com\/AlmawtMusic\" \/>\n<meta property=\"article:modified_time\" content=\"2021-07-26T14:56:28+00:00\" \/>\n<meta name=\"twitter:card\" content=\"summary_large_image\" \/>\n<meta name=\"twitter:site\" content=\"@AlmawtM\" \/>\n<meta name=\"twitter:label1\" content=\"Dur\u00e9e de lecture estim\u00e9e\" \/>\n\t<meta name=\"twitter:data1\" content=\"2 minutes\" \/>\n<script type=\"application\/ld+json\" class=\"yoast-schema-graph\">{\"@context\":\"https:\/\/schema.org\",\"@graph\":[{\"@type\":\"WebPage\",\"@id\":\"https:\/\/almawt-music.com\/index.php\/actualites\/\",\"url\":\"https:\/\/almawt-music.com\/index.php\/actualites\/\",\"name\":\"D\u00e9couvrez l'actualit\u00e9 musicale de l'oc\u00e9an indien | Almawt Music\",\"isPartOf\":{\"@id\":\"https:\/\/almawt-music.com\/#website\"},\"datePublished\":\"2020-10-06T13:51:22+00:00\",\"dateModified\":\"2021-07-26T14:56:28+00:00\",\"description\":\"Toute l'actualit\u00e9 music r\u00e9gionale, sorties, concerts, \u00e9v\u00e8nements. Ne ratez pas les derni\u00e8res infos sur vos artistes pr\u00e9f\u00e9r\u00e9s\",\"breadcrumb\":{\"@id\":\"https:\/\/almawt-music.com\/index.php\/actualites\/#breadcrumb\"},\"inLanguage\":\"fr-FR\",\"potentialAction\":[{\"@type\":\"ReadAction\",\"target\":[\"https:\/\/almawt-music.com\/index.php\/actualites\/\"]}]},{\"@type\":\"BreadcrumbList\",\"@id\":\"https:\/\/almawt-music.com\/index.php\/actualites\/#breadcrumb\",\"itemListElement\":[{\"@type\":\"ListItem\",\"position\":1,\"name\":\"Accueil\",\"item\":\"https:\/\/almawt-music.com\/\"},{\"@type\":\"ListItem\",\"position\":2,\"name\":\"Actualit\u00e9s\"}]},{\"@type\":\"WebSite\",\"@id\":\"https:\/\/almawt-music.com\/#website\",\"url\":\"https:\/\/almawt-music.com\/\",\"name\":\"Almawt Music\",\"description\":\"\",\"publisher\":{\"@id\":\"https:\/\/almawt-music.com\/#organization\"},\"potentialAction\":[{\"@type\":\"SearchAction\",\"target\":{\"@type\":\"EntryPoint\",\"urlTemplate\":\"https:\/\/almawt-music.com\/?s={search_term_string}\"},\"query-input\":\"required name=search_term_string\"}],\"inLanguage\":\"fr-FR\"},{\"@type\":\"Organization\",\"@id\":\"https:\/\/almawt-music.com\/#organization\",\"name\":\"ALMAWT MUSIC SAS\",\"url\":\"https:\/\/almawt-music.com\/\",\"logo\":{\"@type\":\"ImageObject\",\"inLanguage\":\"fr-FR\",\"@id\":\"https:\/\/almawt-music.com\/#\/schema\/logo\/image\/\",\"url\":\"https:\/\/almawt-music.com\/wp-content\/uploads\/2020\/10\/Almawt-Music-Logo.jpg\",\"contentUrl\":\"https:\/\/almawt-music.com\/wp-content\/uploads\/2020\/10\/Almawt-Music-Logo.jpg\",\"width\":966,\"height\":966,\"caption\":\"ALMAWT MUSIC SAS\"},\"image\":{\"@id\":\"https:\/\/almawt-music.com\/#\/schema\/logo\/image\/\"},\"sameAs\":[\"https:\/\/www.facebook.com\/AlmawtMusic\",\"https:\/\/twitter.com\/AlmawtM\",\"https:\/\/www.instagram.com\/almawt_music\/\",\"https:\/\/www.linkedin.com\/company\/almawt-music\/\"]}]}<\/script>\n<!-- \/ Yoast SEO plugin. -->","yoast_head_json":{"title":"D\u00e9couvrez l'actualit\u00e9 musicale de l'oc\u00e9an indien | Almawt Music","description":"Toute l'actualit\u00e9 music r\u00e9gionale, sorties, concerts, \u00e9v\u00e8nements. Ne ratez pas les derni\u00e8res infos sur vos artistes pr\u00e9f\u00e9r\u00e9s","robots":{"index":"index","follow":"follow","max-snippet":"max-snippet:-1","max-image-preview":"max-image-preview:large","max-video-preview":"max-video-preview:-1"},"canonical":"https:\/\/almawt-music.com\/index.php\/actualites\/","og_locale":"fr_FR","og_type":"article","og_title":"D\u00e9couvrez l'actualit\u00e9 musicale de l'oc\u00e9an indien | Almawt Music","og_description":"Toute l'actualit\u00e9 music r\u00e9gionale, sorties, concerts, \u00e9v\u00e8nements. Ne ratez pas les derni\u00e8res infos sur vos artistes pr\u00e9f\u00e9r\u00e9s","og_url":"https:\/\/almawt-music.com\/index.php\/actualites\/","og_site_name":"Almawt Music","article_publisher":"https:\/\/www.facebook.com\/AlmawtMusic","article_modified_time":"2021-07-26T14:56:28+00:00","twitter_card":"summary_large_image","twitter_site":"@AlmawtM","twitter_misc":{"Dur\u00e9e de lecture estim\u00e9e":"2 minutes"},"schema":{"@context":"https:\/\/schema.org","@graph":[{"@type":"WebPage","@id":"https:\/\/almawt-music.com\/index.php\/actualites\/","url":"https:\/\/almawt-music.com\/index.php\/actualites\/","name":"D\u00e9couvrez l'actualit\u00e9 musicale de l'oc\u00e9an indien | Almawt Music","isPartOf":{"@id":"https:\/\/almawt-music.com\/#website"},"datePublished":"2020-10-06T13:51:22+00:00","dateModified":"2021-07-26T14:56:28+00:00","description":"Toute l'actualit\u00e9 music r\u00e9gionale, sorties, concerts, \u00e9v\u00e8nements. Ne ratez pas les derni\u00e8res infos sur vos artistes pr\u00e9f\u00e9r\u00e9s","breadcrumb":{"@id":"https:\/\/almawt-music.com\/index.php\/actualites\/#breadcrumb"},"inLanguage":"fr-FR","potentialAction":[{"@type":"ReadAction","target":["https:\/\/almawt-music.com\/index.php\/actualites\/"]}]},{"@type":"BreadcrumbList","@id":"https:\/\/almawt-music.com\/index.php\/actualites\/#breadcrumb","itemListElement":[{"@type":"ListItem","position":1,"name":"Accueil","item":"https:\/\/almawt-music.com\/"},{"@type":"ListItem","position":2,"name":"Actualit\u00e9s"}]},{"@type":"WebSite","@id":"https:\/\/almawt-music.com\/#website","url":"https:\/\/almawt-music.com\/","name":"Almawt Music","description":"","publisher":{"@id":"https:\/\/almawt-music.com\/#organization"},"potentialAction":[{"@type":"SearchAction","target":{"@type":"EntryPoint","urlTemplate":"https:\/\/almawt-music.com\/?s={search_term_string}"},"query-input":"required name=search_term_string"}],"inLanguage":"fr-FR"},{"@type":"Organization","@id":"https:\/\/almawt-music.com\/#organization","name":"ALMAWT MUSIC SAS","url":"https:\/\/almawt-music.com\/","logo":{"@type":"ImageObject","inLanguage":"fr-FR","@id":"https:\/\/almawt-music.com\/#\/schema\/logo\/image\/","url":"https:\/\/almawt-music.com\/wp-content\/uploads\/2020\/10\/Almawt-Music-Logo.jpg","contentUrl":"https:\/\/almawt-music.com\/wp-content\/uploads\/2020\/10\/Almawt-Music-Logo.jpg","width":966,"height":966,"caption":"ALMAWT MUSIC SAS"},"image":{"@id":"https:\/\/almawt-music.com\/#\/schema\/logo\/image\/"},"sameAs":["https:\/\/www.facebook.com\/AlmawtMusic","https:\/\/twitter.com\/AlmawtM","https:\/\/www.instagram.com\/almawt_music\/","https:\/\/www.linkedin.com\/company\/almawt-music\/"]}]}},"_links":{"self":[{"href":"https:\/\/almawt-music.com\/index.php\/wp-json\/wp\/v2\/pages\/70"}],"collection":[{"href":"https:\/\/almawt-music.com\/index.php\/wp-json\/wp\/v2\/pages"}],"about":[{"href":"https:\/\/almawt-music.com\/index.php\/wp-json\/wp\/v2\/types\/page"}],"author":[{"embeddable":true,"href":"https:\/\/almawt-music.com\/index.php\/wp-json\/wp\/v2\/users\/1"}],"replies":[{"embeddable":true,"href":"https:\/\/almawt-music.com\/index.php\/wp-json\/wp\/v2\/comments?post=70"}],"version-history":[{"count":28,"href":"https:\/\/almawt-music.com\/index.php\/wp-json\/wp\/v2\/pages\/70\/revisions"}],"predecessor-version":[{"id":730,"href":"https:\/\/almawt-music.com\/index.php\/wp-json\/wp\/v2\/pages\/70\/revisions\/730"}],"wp:attachment":[{"href":"https:\/\/almawt-music.com\/index.php\/wp-json\/wp\/v2\/media?parent=70"}],"curies":[{"name":"wp","href":"https:\/\/api.w.org\/{rel}","templated":true}]}}